y + 35184 = 2*s + 25*y, 0 = -3*s - 5*y + 52801. Is s prime?
True
Let n = 408 - -5693. Is n a composite number?
False
Let g = -11 - -13. Suppose g*m - 190 = 42. Suppose -n + 11 = -m. Is n a composite number?
False
Suppose 0 = 2*g - 171 - 19. Suppose -1663 = -m - g. Suppose -3*n + 4*r - 545 = -m, -3*n + 1023 = -2*r. Is n a composite number?
True
Is (133788/(-60))/((-2)/10) composite?
False
Let u(i) = -6*i**3 - 8*i**2 - 18*i - 35. Is u(-7) composite?
True
Let z(d) = -168*d - 3. Let a be 86/(-18) + 14/(-63). Let v be z(a). Suppose 4*x - 5*y = 2*x + v, x = 2*y + 421. Is x composite?
False
Let z = 10566 - 4793. Is z prime?
False
Let w = -88352 - -130983. Is w a prime number?
False
Is (-6)/(-33) - (-1496385)/121 a composite number?
True
Suppose -k + 35650 = 2*q, 5*q - k - 55142 = 33997. Is q a composite number?
False
Let u(c) = 3*c**3 - 11*c**2 - 17*c + 34. Is u(11) prime?
False
Suppose -4*c + 64294 = -107998. Is c prime?
False
Let u(k) = k + 15. Let f be u(-15). Suppose 5*r - 7*r = f. Suppose 2*m + 948 = 4*d, r = 2*m + m. Is d composite?
True
Suppose 9*o + 8314 = 4*f + 4*o, -3*f + 6241 = -o. Is f prime?
True
Let p = 3766 - -195. Is p a prime number?
False
Let x = -2 + 11. Let f be (-5)/(15/(-22))*x. Suppose 6*p = 3*p + f. Is p prime?
False
Suppose 5*i + 5*u = 359 + 421, 0 = -4*i + 4*u + 616. Let j = 524 + i. Is j a prime number?
False
Let r = 304 + 1717. Is r a composite number?
True
Let a(t) = t - 1. Let d be a(1). Suppose 9*r - 4*r = d. Suppose 2*c + 3*y = -r*y + 47, -5*c = y - 98. Is c prime?
True
Let q(i) = -2*i - 9. Let z be q(-6). Suppose -d - z*d = -644. Is d composite?
True
Let u(d) = 3*d**2 + 28*d + 124. Is u(-15) a composite number?
False
Let y(q) = q**3 - 3*q**2 + 7*q - 6. Let s be y(2). Is -3 + 4*1/s - -121 composite?
True
Let u(h) = 621*h + 488. Is u(53) composite?
True
Suppose -20 = -4*k + 4*l, 3*k + 0*l - 2*l = 14. Let r be (-3573)/(-12) + 1/k. Is (-6)/21 - r/(-14) prime?
False
Let z = 81 + 3059. Let m = -1474 + z. Suppose m = 4*d - 218. Is d a prime number?
False
Is ((-31972)/(-6) - 0)*(-51)/(-34) a composite number?
False
Suppose -47868 = 23*a - 35*a. Is a prime?
True
Let x be 2/(-3) - (0 - (-3953)/(-3)). Suppose 644 = d - x. Is d a composite number?
True
Suppose 0 = -5*s + 4*s - 2. Let j be s/9 - (-83402)/198. Let i = -227 + j. Is i a composite number?
True
Let h(s) = 14*s**2 + 9*s - 3. Let f(w) = w**3 - w**2 + 1. Let r(k) = -4*f(k) - h(k). Suppose 5*n + 45 = -4*z + z, n + 11 = -z. Is r(n) prime?
True
Let j(p) = 8*p**3 - p**2 + 4*p - 6. Let g be j(6). Let v = g + -913. Is v a prime number?
True
Let x = -9 + 12. Suppose z - x*g - 51 = 0, -2*z + 3*z + 5*g - 51 = 0. Is 10*(-3 + z/6) a composite number?
True
Let a = 881 + 650. Is a a prime number?
True
Let k = -6 - -4. Let f(p) = -7*p**3 - 3*p**2 - p - 1. Let i be f(k). Let j = -26 + i. Is j a composite number?
False
Suppose -2*q - 9 = -9. Is 159 - q - 1/((-5)/(-10)) prime?
True
Let n = -1 + 19. Let k = 19 - n. Is (1 + k)*(-25)/(-2) prime?
False
Let d(i) = -i**2 + 5*i - 2. Let j be d(3). Suppose 0 = -s + j*y + 211, 5*y + 36 = -s + 247. Is s prime?
True
Suppose -4*i - 4*c + 1692 = 0, 2*i + 0*c = c + 861. Suppose -i = -p + 39. Is p composite?
False
Suppose -j - j = -2, -4*j = -2*k - 6. Let q be k/(((-10)/(-4))/(-5)). Suppose 607 - 33 = q*u. Is u composite?
True
Suppose 0 = 8*a - 13*a - 305. Let y = 150 - a. Is y prime?
True
Let x = -29 - -62. Let v = -28 + x. Suppose -v*j - 100 + 1995 = 0. Is j a prime number?
True
Let y be 1/(1/53 + 0). Let f = y + -272. Let w = -128 - f. Is w a prime number?
False
Suppose -3*n = -5 - 4. Let i(f) = 8*f**3 - 3*f**2 - 3*f + 7. Is i(n) prime?
False
Suppose -86507 = -8*s + 97317. Is s a composite number?
True
Let m(d) = 1461*d - 121. Is m(26) prime?
False
Let p = 17 + -10. Suppose p*j + 3723 = 10*j. Let s = j + -532. Is s composite?
False
Let i = 10743 + -4710. Is i a prime number?
False
Let q(b) = 315*b**2 - 21*b + 227. Is q(17) composite?
True
Let r = 3365 + -2004. Is r a composite number?
False
Let z(i) = 48*i + 1. Let p be z(3). Is p*(1 + (-222)/(-15)) prime?
False
Is 2561 - 5 - (1 + 1) a prime number?
False
Let x = 18 + -20. Let q be ((-4 - x) + 3)*-11. Let o(d) = -63*d - 16. Is o(q) a prime number?
True
Let q be 2/(-4)*-3*(-1224)/(-4). Let w = q - 250. Is w composite?
True
Suppose -4*p = 1906 - 106. Let t = p - -661. Is t composite?
False
Let f(o) = -o**3 - 7*o**2 - 9*o - 8. Suppose -2*r - 4*t = -3*r - 3, -2 = 2*t. Is f(r) composite?
True
Let u(h) = 40*h**2 - 6. Let y be u(-5). Suppose 47 + y = 3*o. Is o a prime number?
True
Let x(q) = -2*q - 9. Let v be x(-7). Suppose v*w - 32 + 17 = 0. Suppose -i - 1262 = -w*i. Is i prime?
True
Suppose -47 = -4*x - 3. Let j = x - 8. Suppose -n + 564 = j*n. Is n a composite number?
True
Let z(o) = 752*o**2 - 5*o + 30. Is z(5) a prime number?
False
Let c be (-26)/(-6) + 12/(-9). Let m(r) = 41*r**2 + r + 2. Let n be m(c). Is (n/6)/(4/12) prime?
False
Suppose 0 = -2*w - 4*x - 14, 5*w + 2*x + 19 = -0*w. Let j(h) be the third derivative of 13*h**5/60 + h**4/6 + h**3/6 + 4*h**2. Is j(w) a prime number?
False
Let q(f) = 8*f - 6. Let l(o) = 2 + 3*o + 4 - 8. Let x(i) = -21*l(i) + 6*q(i). Is x(-7) a composite number?
True
Let r(n) = -199*n - 26. Let p be r(-6). Suppose 0 = 4*a - p - 1092. Is a a prime number?
False
Let h = -1 + -8. Is h/(-8 - -5) + 175 prime?
False
Let b be -285 - (2 + 1 + -1). Let g = 478 + b. Is g a composite number?
False
Suppose -4*w = 3*c - 17, 0 = 5*w - 0*c + c - 13. Suppose w*t = -132 - 116. Let z = t - -258. Is z prime?
False
Let c(a) = a**2 + 11*a + 6. Let t be c(-10). Let z = t + 9. Suppose -z*d + 2*x + 290 = 0, 0 = 2*d + 4*x - 5*x - 116. Is d prime?
False
Suppose 6 = -5*n - 24. Let p(o) = o**2 + 5*o - 6. Let r be p(n). Suppose -2*z - 10 = r, 2*q = -2*q + 3*z + 251. Is q composite?
False
Let l(n) be the first derivative of n**4/4 + 11*n**3/3 - n**2/2 - 9*n + 3. Let v be l(-11). Suppose -3*t - g + 640 = 0, -3*g + v*g = 2. Is t a composite number?
True
Suppose 2*p - 55286 = -3*q - 14766, 0 = 5*p - 4*q - 101323. Is p composite?
True
Let j(z) = -144*z + 51. Let v be j(5). Let h = v - -1252. Is h composite?
True
Is (80/(-15) - -6)/((-4)/(-158982)) a composite number?
False
Suppose -2*r + 3*r = 0. Let n(b) be the second derivative of b**3/2 + 79*b**2/2 + 16*b. Is n(r) composite?
False
Let f = -12 - -17. Suppose f*k + 1609 = 3*o + 7425, -3*o = 4*k - 4669. Suppose 0 = -b + 6*b - k. Is b a prime number?
True
Let h be -1*8/(-4) + -2. Suppose h = -2*m + 5*l + 455, l = 2*m - 2*l - 465. Let y = 533 - m. Is y composite?
False
Suppose -7*m + 34032 = 4*y - 9*m, 4*m + 25519 = 3*y. Is y a composite number?
True
Let f be (-342)/(-12) - (-1)/(-2). Suppose -2*s = 5*q - 553, -q + 4*s = -f - 65. Let u = 272 - q. Is u composite?
False
Let s(l) = -2*l - 13. Let u be (10/(-4 + 3))/1. Is s(u) a composite number?
False
Suppose 2*i + 6 = 0, -i - 374 = 5*m - 6*m. Is m composite?
True
Is -6 + 4 - (0 - 9969) a prime number?
True
Suppose 2*p - 2*x = -6, -x + 3*x - 6 = 5*p. Suppose p = 2*z - 3*g - 1, 5*z - 2*g - 5 = 3. Is (-1344)/(-60) + z/(-5) a prime number?
False
Suppose m - 4*q = 474, -q + 5*q = -8. Let f = 331 + m. Is f a composite number?
False
Let u be 2/(1 + 36/(-40)). Let n be (-1303)/(-9) + u/90. Suppose 2*w = 3*w - n. Is w prime?
False
Let o(d) = 3069*d**3 + 3*d**2 - d - 4. Is o(3) prime?
True
Let f = -1020 + 3041. Is f prime?
False
Let v be (2 + 8)*1*2/4. Suppose 4*x - v*x = -319. Is x composite?
True
Suppose -663271 = 55*l - 74*l. Is l composite?
True
Let g(w) = -w**3 - w**2 - w - 700. Let d be g(0). Let y = d + 405. Let p = -138 - y. Is p prime?
True
Is -16508*((-135)/(-20) - 8) a composite number?
True
Let t(s) = -s. Let u be t(1). Suppose 0 = -10*c + 23098 + 11252. Is u/(-6) + c/18 prime?
True
Let u be 45/3*4/12. Let d(l) = -175*l + u - 5 - 4. Is d(-3) a prime number?
True
Suppose -3*o = j - 50614, 0 = 14*o - 19*o - 3*j + 84358. Is o a composite number?
False
Suppose 3*t - 2*y = 4, 4*t - 2 - 22 = -2*y. Suppose 3*o = 3*z - 18, 3*z - t + 2 = -o. Suppose 3*i = -9, 5*i = z*w - 21 - 38. Is w prime?
False
Suppose 4*l - 14926 = 6*l. Let b = 11569 + l. Is b a prime number?
False
Suppose -i - 4021 = 2*s - 30900, 4*s + 5*i = 53749. Is s a composite number?
False
Suppose 5*n - 5 = 0, 6*n - 4*n = -y + 315. Let m = 606 - y. I